*k + 2. Let m(z) = z - 312 + 316 - 3*z. What is m(u)?
-8
Let v(a) = -4*a - 4 + 11 - 2 - 9 + 3*a. Calculate v(-5).
1
Let k(u) = -2*u**2 - 4*u**2 - 1 + 2*u - u + 5*u**2. Let w be -2*3/6 - -3. Suppose -w*s = 3*s - 15. Give k(s).
-7
Let h(d) = -26*d + 0*d + 10*d + 18*d + 2. Calculate h(-3).
-4
Let n(i) = -4 + 10*i - 5*i + 2. Let q = 334 - 337. Calculate n(q).
-17
Let p(l) = 2*l**2 - 7*l + 14. Let u(i) = 3*i**2 - 8*i + 14. Let w(g) = 4*p(g) - 3*u(g). Let z be w(-6). Let k(y) = -z*y + 7 - 2 + y. Determine k(7).
-2
Let o(u) = -6*u + 0*u - u**2 + 3 + 3. Let b(c) = -14*c + 12. Let a be b(-4). Let n = a + -74. Give o(n).
6
Let w(a) be the third derivative of a**5/6 - a**4/6 - a**3/2 - 144*a**2. Determine w(-1).
11
Let f(g) be the third derivative of -g**4/12 - 5*g**3/6 + 2*g**2 + 57. Determine f(-11).
17
Suppose 5*m + 3*a - 28 = 0, 3*a = -0 + 3. Suppose y = -f + m, 0 = -2*y - 0*f - 5*f + 4. Suppose 2*q = -5 - y. Let x(s) = 2*s + 6. What is x(q)?
-6
Let j(i) be the second derivative of -4/3*i**3 - i + 1/24*i**4 + 0 + 1/2*i**2. Let k(f) be the first derivative of j(f). Calculate k(5).
-3
Let o(f) = -f**3 - f**2 + f. Let b be o(-3). Suppose b = 4*p - p. Let c(y) = -4 + 3*y - y + 2*y + p. What is c(-2)?
-7
Let h be 0 - (-3 + 7 + -11). Let v be (-49)/14*(-6)/h. Let l(m) = 4*m - v*m + 0*m - 4. Give l(8).
4
Suppose -14*d + 6 = -8*d. Suppose -7*n = -6*n + d. Let b(h) = -6*h - 1. Determine b(n).
5
Let b(j) be the first derivative of 1/4*j**4 + 11/3*j**3 - 1 - 1/2*j**2 - 5*j. Calculate b(-11).
6
Let m(l) = -4345 + 4345 + l. What is m(-2)?
-2
Suppose 2*a - 80 = 7*a. Let f = 24 + a. Let q(x) = f*x - 21*x**2 - x**3 - x + 16*x**2 + 3. What is q(-6)?
-3
Suppose -14*n + n = 0. Suppose n = m - 5*m - 8, 4*k = 2*m + 20. Let y(h) = 5*h - 3. What is y(k)?
17
Let h(r) = -5*r**2 - 3*r - 22. Let b(g) = -11*g**2 - 6*g - 47. Let v(z) = -6*b(z) + 13*h(z). Suppose 2*c - 4 - 4 = 0. Calculate v(c).
0
Let u(m) = -m**2 - 9*m - 9. Suppose 0 = -4*i + 2*t - 42, i - 3*t + t = -12. What is u(i)?
-19
Let x be 0 + 3/(4/4). Suppose -m + 19 = 3*c, 6*m - x*m + 2*c = 22. Suppose k = m*k - 15. Let b(r) = r - 4. Give b(k).
1
Let x(o) = 10*o + 1. Suppose -2*j + 5 = h, 5*j = 10*h - 13*h + 13. What is x(h)?
11
Let p(d) be the third derivative of 0*d + 0 - 1/6*d**3 + 9*d**2 + 1/12*d**4. Determine p(2).
3
Suppose 40 = -0*b - 5*b. Let w = b - -12. Let v(g) be the third derivative of g**6/120 - g**5/15 - g**3/2 + g**2. What is v(w)?
-3
Suppose -48 = -2*g - g. Let c = 765 + -776. Let t = g + c. Let i(j) = -j**3 + 5*j**2 - j - 5. Calculate i(t).
-10
Let d(l) = -l + 5. Suppose q + 9 + 7 = 0. Let r be (q/(-5) + -2)*-5. Let a be (12/10)/(r/(-30)). What is d(a)?
-1
Suppose -2*i - 399 = -495. Suppose 0 = 7*l + i - 20. Let t(n) = -4*n**3 + 3*n**2 + 5*n**3 - 4 + 0*n**2 - 5*n. Calculate t(l).
0
Let p = -110 + 111. Let q(c) = -10*c**2 - 2*c + 1. What is q(p)?
-11
Let x = 16 + -15. Let b(w) = -6 + 8 - x + 3*w + w. Give b(-3).
-11
Let k(o) = -o**2 - 4*o + 1. Let u be 90/105*(-28)/(-3). Suppose -3*c - x - u = 0, -4*x + 2 = -2*c - 8*x. Give k(c).
4
Let p(c) = c**2 + 5*c + 5. Let t be p(-5). Let m(y) = -5*y + y + t*y - 4. Suppose -6 = -o - o - 5*s, 2*s = 0. Determine m(o).
-1
Let k = -2879 - -2877. Let z(y) = -5*y - 6. Determine z(k).
4
Let m(y) = 33*y**2 + 6*y - 4*y - 2 - 33*y**2 + 9*y**3. Give m(1).
9
Suppose c + 4*s = -3*c + 56, c = 5*s - 16. Suppose 33 + c = -2*f. Let g = f - -18. Let x(j) = -2*j - 3. What is x(g)?
3
Let b(y) be the third derivative of y**5/60 - y**4/4 + 5*y**3/3 - 16*y**2. Let d(x) be the first derivative of b(x). Determine d(4).
2
Suppose 5*g = -n, -4 = -9*g + 8*g - n. Let y(i) = -12*i**2 + 2*i + 1. Determine y(g).
-13
Suppose 3*x = 5*s + 1, -6 = 2*x - 0*s - 5*s. Suppose 3*n = -2*r + 22, n = -2*r + 7 + x. Let j(o) = o**2 - 2*o - 5. Give j(n).
3
Let l be 4*(4/1 + -1). Let i(v) = 3*v - 30. Let a be i(l). Let k(q) = -q**2 + 4. Let t(x) = -3*x**2 + x + 13. Let f(y) = -11*k(y) + 4*t(y). What is f(a)?
-4
Let c(a) = -175*a. Let g(q) = -13*q. Let n(k) = -3*c(k) + 40*g(k). Determine n(-1).
-5
Let h(z) = z**2 - 5*z - 2. Let j be ((-15)/(-6))/(2 - 15/10). Determine h(j).
-2
Let n(w) = 3*w**3 + 3*w**2 + 4. Let o(f) = 13*f**3 + 13*f**2 + 15. Let g = 64 - 55. Let a(h) = g*n(h) - 2*o(h). Give a(0).
6
Let j be ((-22)/(-4))/(5/10). Let b = 19 - j. Let q(o) = -b*o**3 + 1 - 5*o**2 + 0 + 7*o**3 + o. Determine q(-5).
-4
Suppose m = -2*i + 18, -i + 4*m - m + 2 = 0. Let x(z) = -z**2 + 11*z - 9. Determine x(i).
15
Let p(g) = -12*g**3 + 21*g**2 - 5*g - 22. Let x(c) = -7*c**3 + 11*c**2 - 2*c - 10. Let f(t) = -3*p(t) + 5*x(t). Calculate f(7).
2
Let b(p) be the third derivative of p**8/20160 + p**7/5040 - p**5/60 + 2*p**2. Let a(w) be the third derivative of b(w). Calculate a(-1).
0
Let w(a) be the second derivative of -a**5/20 - a**4/3 + 7*a**3/6 - 5*a**2/2 - 6*a - 3. Give w(-6).
25
Let h(z) = -z**2 - 6*z + 20. Let a = -373 + 364. Determine h(a).
-7
Let c(d) = 2*d**2 + 12*d - 5. Let r(u) = 3*u**2 + 14*u - 6. Let j(g) = -7*c(g) + 6*r(g). Let p = -7 - -11. Suppose -p = -5*f + f. Determine j(f).
3
Let z(m) = 2*m**3 - 7*m**2 + 4*m. Let t be z(4). Suppose 0 = 7*p + 17 + t. Let u(f) = -1 - f + 3 - 6. Calculate u(p).
3
Let r(p) be the second derivative of p**5/20 - p**4/2 - p**3/2 + 7*p**2/2 - 7*p. Let l be (-259)/(-35) + -8 - (-33)/5. Determine r(l).
-11
Suppose -161 = -31*q + 54*q. Let y(o) = 3*o + 7. Give y(q).
-14
Let p(d) = d**3 + 6*d**2 - 8*d - 8. Let r be p(-7). Let w(n) = -17 - 8*n - n + 16 + 10*n. Determine w(r).
-2
Let k(i) = 6*i + 4 - 6 + 1. What is k(-1)?
-7
Suppose 298*c - 166*c + 138 = 155*c. Let o(x) = -7*x**2 - 3*x**3 + 4*x + 4*x**3 + 0 - 1. Give o(c).
-13
Let t(y) be the third derivative of -9*y**2 + 0*y - 1/60*y**5 - 3/8*y**4 - 1/3*y**3 + 0. Let k be t(-8). Let w(z) = z**3 - 7*z**2 + 7*z + 5. What is w(k)?
11
Suppose -g + j = 2*j - 1, 0 = -4*j. Let h(i) = -i - 1. Let v(x) = -4*x + 7. Let r(k) = g*v(k) - 3*h(k). Give r(9).
1
Let i(a) = a + 12. Let g be i(-9). Let y(o) = 4*o**2 + g*o - 3*o**2 - 4*o + 2*o. Suppose -3*r + 9 = 6. Give y(r).
2
Let p(h) = h**2 - 21*h + 48. Let t be p(18). Let o(r) = -5*r**3 + 3*r**3 + 6*r**2 - 6 + 3*r**3. What is o(t)?
-6
Let z(t) = -t**2 - 7*t - 10. Suppose 0 = 2*d - 3*d - 3. Let l be z(d). Let o(w) = w**3 - 2. What is o(l)?
6
Let k(n) = n**2 - 6*n + 9. Let q(o) = 1. Let s(a) = -k(a) + 5*q(a). Let l = 172 - 165. What is s(l)?
-11
Let s(x) = -15 - 742*x + 1480*x - 737*x. Give s(-11).
-26
Let h(r) = r - 41*r**3 - 31*r**3 + r**2 + 49*r**3. What is h(-1)?
23
Let i(h) be the first derivative of 5 - h + 3/2*h**2. Suppose -3*k - 5*s = 3, 2*k + 3 = -k + 4*s. Calculate i(k).
-4
Let u be (-2)/12 + (-62)/36*-3. Let q(t) = t**2 + 4*t - 1. Let v be q(-4). Let f(p) = -p + 1. Let k(a) = 3*a. Let o(n) = v*k(n) - 6*f(n). What is o(u)?
9
Let i(g) = 2*g. Suppose 27 = 5*n - 13. Let s be (n/3 - 3)*-3. What is i(s)?
2
Let q(t) be the second derivative of -t**3/6 - t**2 + 6*t. Suppose o - 1 = y, 8 + 9 = -5*y + o. Determine q(y).
2
Let i(g) = -2*g**3 + 36*g**2 + 2*g - 23. Let s be i(18). Let j(z) = -z**3 + 14*z**2 - 10*z - 8. Determine j(s).
31
Let y = 6 + -13. Let d(p) = 5*p + 1. Let u(i) = -8*i + 7*i - 2 + 4*i + 3. Let h(r) = y*u(r) + 4*d(r). What is h(-6)?
3
Let g = -85 + 94. Let q(d) = -d**3 + 8*d**2 + 10*d - 5. Calculate q(g).
4
Let m(y) be the second derivative of y**6/120 - y**5/15 - y**3/3 - 12*y**2 - 48*y. Let d(v) be the first derivative of m(v). What is d(2)?
-10
Let k(h) = h**2 + 3*h - 5 - 2 + 4 + 0. Determine k(-5).
7
Let g(k) = -k**2 + 31. Let o be g(5). Let c(r) = -2*r + 8. What is c(o)?
-4
Let z(l) = -8*l - 2*l**3 + 6*l**2 - 3*l**3 + 6*l**3. Let k(m) = 5*m - 177. Let o be k(34). Calculate z(o).
7
Let c(n) = -n**3 - 3*n**2 + 5*n + 2. Let o be 52/6 + 3/9. Let q be ((-10)/4)/(o/(-18)). Suppose m = w - q, -5*m - 7*w - 16 = -3*w. Determine c(m).
-2
Let z(p) = p - 12. Suppose 0 = -2*g - 5*c - 14, 3*g + 2*g - 19 = c. Suppose i = 2*y + g*i - 12, 4*y - 2*i = 30. Determine z(y).
-5
Let b(p) = -p**3 + 19. Let z(h) = h**2 - 11*h + 24. Let x be z(9). Suppose 4*l - x*l - 2*q + 2 = 0, 5*q = -l + 5. What is b(l)?
19
Suppose -2*r - 2*r + 240 = 0. Suppose 0 = 9*l - r + 15. Let k(d) = d**2 - d + 6. Determine k(l).
26
Suppose 0 = m + 3, -37 = 2*x + 5*m - 16. Let c(j) = -j**3 + 9*j**2 - 7*j - 5. Let b be c(8)